 -2*d - 16, d - 3*d + 5*c + 29 = x. Suppose 0 = n + d*n + 3, -s + 29 = 5*n. List the prime factors of s.
2, 17
Suppose 2*d + 0*d - 2 = 2*l, 3*d + 5*l = 27. Suppose -7*x + d*x + 27 = 0. Let g = x + 5. What are the prime factors of g?
2, 7
Suppose -9 = -3*l + 6. Let u = 192 + -173. Suppose -3*j + u = -l. List the prime factors of j.
2
What are the prime factors of 1025 + 0 + 0/(15/(-5))?
5, 41
Suppose 34*r = 81*r - 145512. List the prime factors of r.
2, 3, 43
Let d be (-7)/(-9) - 16/(-72). Let b(u) = -3 + 0 - d + 4*u + u**2. List the prime factors of b(-6).
2
Suppose v - k = 2682, 3*v - 8036 = 3*k + 2*k. What are the prime factors of v?
2687
Suppose 2*w = 407 + 1043. List the prime factors of w.
5, 29
Let v(k) be the first derivative of k**5/60 + k**4/8 - 5*k**3/3 + 3*k**2 - 2. Let i(s) be the second derivative of v(s). What are the prime factors of i(-9)?
2, 11
Suppose 13*d + 650 = 3*d. Let v = 220 - d. What are the prime factors of v?
3, 5, 19
Let g(r) = -12*r**3 - r**2 + 24*r + 84. List the prime factors of g(-5).
1439
Suppose -11*c + 16*c + 150 = 0. List the prime factors of (-7)/(-28) - c/8.
2
Suppose -4*x - 2*n + 36 = 0, 0*n + 2 = n. Let c be -3*(x/(-12) + 1). List the prime factors of c - 20/(-4) - -39.
43
Let d = -9 + 16. Suppose -d = -2*n - 13. Let a(j) = -j**3 + 2*j**2 + 3*j - 2. What are the prime factors of a(n)?
2, 17
Let w(n) = 977*n**2 + 9*n - 9. What are the prime factors of w(1)?
977
Let y(g) = -29*g + 2 + 4 + 0 - 5. What are the prime factors of y(-4)?
3, 13
List the prime factors of 2684/(1 - 0 - (-42)/42).
2, 11, 61
List the prime factors of (25089 + -3)/(-6)*2/(-2).
37, 113
Suppose -2*p - 3*a + 6 = 0, -a = -4*p + 3*a + 12. Suppose -p*t - t = 40. Let w = 7 - t. List the prime factors of w.
17
Let a be 2/(-4) + 210/4. Let w = a - 26. Let q = -16 + w. What are the prime factors of q?
2, 5
Suppose -7*g + 1072 = -4*b + 2890, g = 3*b - 1372. List the prime factors of b.
2, 229
Let u be (0 + 3)*-1*-1. Suppose -5*i - 88 = -u*i. What are the prime factors of (-3 + 2)*i/2?
2, 11
Let m = -1 - 7. Let n be (-10*1)/(-10 - m). Suppose -n*d + 1 = z - 187, -5*d - 5*z = -200. What are the prime factors of d?
37
Suppose 2*n - 6*n = -8. Suppose -p + 1 = 0, n*p = 4*v - 9 + 143. List the prime factors of (-1)/((v/(-108))/(-11)).
2, 3
Let j(n) = -3*n**2 - n. Let w(p) = 18*p**2 + 5*p. Let d(x) = 11*j(x) + 2*w(x). Let c(m) = m + 4. Let a be c(0). List the prime factors of d(a).
2, 11
Suppose -p - 28 = 2*k, 179 = -5*p - k + 4*k. Let i = 70 + p. List the prime factors of i.
2, 3
Let l = -90 - -88. What are the prime factors of (5/(4 + -9))/(l/298)?
149
Suppose n = -5, -4*n = -2*d - 2*d + 28. Let f be (-4)/d - (3 + 33). Let w = f - -66. What are the prime factors of w?
2, 7
List the prime factors of 80/45 + -2 + 188398/126.
5, 13, 23
Let x(h) = 8*h**3 + 4*h**2 - 53*h + 314. What are the prime factors of x(7)?
3, 31
Let y = 10825 - 6158. List the prime factors of y.
13, 359
Suppose -2*g + 3 = -1. Suppose 3*z - 39 = g*i, 36 = -0*i - 2*i + 2*z. Let a = i - -33. What are the prime factors of a?
2, 3
Let g = 203 - -77. Suppose 5*b - 3*q = g, 4*q = 4*b + 7*q - 251. What are the prime factors of b?
59
Let x(d) = -d**2 + 3*d + 14. Let r(p) = -3*p**2 + 8*p + 43. Let z(o) = -6*r(o) + 17*x(o). What are the prime factors of z(8)?
2, 17
Suppose 0 = -7*z - 594 + 4528. Suppose 3*h = 3, -z = -2*t + h + 3*h. What are the prime factors of t?
283
Let g(c) = -2 + 2*c - 7*c + c**2 + 1 + 3*c. Let z be g(2). Let m = 26 + z. List the prime factors of m.
5
What are the prime factors of 56742/245 + 2/5?
2, 29
Suppose -2*v + 2*k + 12 = 0, 4*v - 25 + 2 = 5*k. Let u(r) = -r**3 + 7*r**2 - r - 14. Let l be u(v). What are the prime factors of 1/(-7) - 234/l?
11
Suppose 0 = d - 3*s - 27, -4*s + 17 = 5*d - 23. Let v = 19 - d. Let j = v - -3. What are the prime factors of j?
2, 5
Let o be ((-16)/6 - -3)*12. Let j = o - 12. What are the prime factors of j/(-40) + (-288)/(-10)?
29
Let t = -118 - -2048. What are the prime factors of t?
2, 5, 193
Let c(a) = 97*a + 36. What are the prime factors of c(15)?
3, 7, 71
Suppose 3*z - 7*z + 12 = 0. Let g(b) = -4 - 6 - 5 + z*b. List the prime factors of g(10).
3, 5
Suppose 2*l - 9 = 3. Let c be -2 - -2*(-21)/l. Let g = c - -11. List the prime factors of g.
2
Let b = -12 - -14. Suppose -b*i - 132 = -5*r - 4*i, -4*r - 3*i = -100. Suppose 2*w + 4*p = r, 4*w - w - 24 = 3*p. List the prime factors of w.
2, 5
Let p(a) = a + 19. Let y be p(-14). Let k be 1/y - (-28)/10. Suppose 3*d + 1 = v - 10, k*v = 3*d + 51. List the prime factors of v.
2, 5
Let b = -1163 + 1724. List the prime factors of b.
3, 11, 17
Let o(n) = n + 1. Let t(q) = -q**2 + 6*q + 3. Let b be t(6). Suppose -2*y + 4*a + 22 + 6 = 0, 2*a + 46 = b*y. What are the prime factors of o(y)?
17
Suppose 0 = -4*u - 4*u - 224. Let o = u - -64. What are the prime factors of o?
2, 3
Let f = 16 - 19. Let b be (-2)/6 + 281/f. Let h = b - -152. What are the prime factors of h?
2, 29
Suppose -3*j - 1 = -4*j. Let t = j - -9. Suppose 4*o - t = -o. What are the prime factors of o?
2
Let x be 0 + -1 + 4 - (-28)/2. Suppose -19*z + 26 = -x*z. List the prime factors of z.
13
Let u(m) = -m**3 - 12*m**2 - 4*m - 178. What are the prime factors of u(-14)?
2, 3, 5
Suppose -68*o + 44940 = -33668. List the prime factors of o.
2, 17
Let z = 466 + -249. What are the prime factors of z?
7, 31
Let x(h) = -h**3 - 13*h**2 - 11*h + 12. Let j be x(-12). Suppose -5*o - 4*m + 147 = j, 4*o = -m - 3*m + 120. What are the prime factors of o?
3
Let b = 1045 + 1518. What are the prime factors of b?
11, 233
Let r be (-7 - -4 - -4)*112. Suppose 4*d - r = -4*g, 4*g = 4*d + 62 - 214. What are the prime factors of d?
3, 11
Let w(j) be the first derivative of j**4/12 + 2*j**3 + 9*j**2 + 5*j - 4. Let d(q) be the first derivative of w(q). What are the prime factors of d(-13)?
31
Suppose 12 = -4*t + 124. Let l(r) = -r**3 + 28*r**2 + 6*r - 68. What are the prime factors of l(t)?
2, 5
Let g(u) = 264*u - 145. List the prime factors of g(9).
23, 97
Suppose 17*y + 7*y - 32088 = 0. List the prime factors of y.
7, 191
Suppose 3*v + 5*d - 825 = 0, 5*v - 1338 = -3*d + 7*d. List the prime factors of v.
2, 3, 5
What are the prime factors of 6/(-3) + 1 - (-13 + 4)?
2
Suppose -3*w + 4*u + 20 + 14 = 0, -5*u - 46 = -4*w. Let v = 4 + -2. What are the prime factors of (60/14)/(v/w)?
2, 3, 5
Let o be (-28)/(((-4)/10)/(1/5)). Suppose -10*w = -o*w + 952. What are the prime factors of w?
2, 7, 17
Suppose 13*v - 153 = 12*v + d, 0 = -4*d + 12. List the prime factors of v.
2, 3, 13
Suppose g - 8*g = g. Suppose 4*u - 3*f = 157, g*u = -5*u - 4*f + 235. List the prime factors of u.
43
List the prime factors of 32/(-80)*(1 - 646).
2, 3, 43
Suppose 0 = 8*a - 3*a - 355. Let g = a + 38. Suppose 4*n = g + 7. What are the prime factors of n?
29
Let r(g) = g - 9. Let n be r(11). Suppose n*x = 0, y = 5*x + 2 + 8. Suppose -13*b + 18 = -y*b. What are the prime factors of b?
2, 3
What are the prime factors of 1/((-3)/45*20/(-184))?
2, 3, 23
Suppose -w - 2*d = 3*d - 89, 0 = 2*w + 3*d - 213. Suppose y + 114 = 2*j, 0 = -2*j - 4*y + y + w. What are the prime factors of j?
3, 19
Let s be (2/(-6))/((-1)/9). Suppose -2*r - s*q + 204 = r, r + 4*q = 77. List the prime factors of r.
5, 13
Let f(b) = b**3 - 4*b**2 - b + 4. Let j be f(-4). Let n = j + 188. List the prime factors of n.
2, 17
Suppose 2*m - 25 = -3*m. Suppose 2*s - 4*o - 130 = 0, -3*s = -0*s + m*o - 162. Let r = 101 - s. What are the prime factors of r?
2, 3, 7
Let y(l) = 103*l**2 + 86*l + 516. What are the prime factors of y(-6)?
2, 3, 103
Suppose 3797 = 9*p - 31249. What are the prime factors of p?
2, 3, 11, 59
Let p(c) = 29*c**2 + 10*c + 18. List the prime factors of p(-5).
3, 7, 11
What are the prime factors of -4 + ((-12)/10)/(12/(-4080))?
2, 101
Suppose -25*x + 26*x + 4*j = 2142, 0 = -2*j + 6. List the prime factors of x.
2, 3, 5, 71
What are the prime factors of (6/(-45))/(-1) + 151404/495?
2, 3, 17
Let a(u) = u**2 + 3*u + 5. Let w = 4 + 2. Suppose 4*d - 2*p + 23 = p, -2*d - w = 4*p. What are the prime factors of a(d)?
3, 5
Let c = -935 - -2178. List the prime factors of c.
11, 113
List the prime factors of (-9 - -25)*(198/8 + -1).
2, 5, 19
Let i = 1396 + 688. List the prime factors of i.
2, 521
Let f(k) = k. Let v be 